{"id":3987,"date":"2025-07-11T08:04:14","date_gmt":"2025-07-11T08:04:14","guid":{"rendered":"https:\/\/abragrup.com.tr\/?page_id=3987"},"modified":"2025-07-11T08:04:14","modified_gmt":"2025-07-11T08:04:14","slug":"gomulu-sistem-yazilim-uretimi","status":"publish","type":"page","link":"https:\/\/abragrup.com.tr\/?page_id=3987","title":{"rendered":"G\u00d6M\u00dcL\u00dc S\u0130STEM YAZILIM \u00dcRET\u0130M\u0130"},"content":{"rendered":"<div class=\"wpb-content-wrapper\"><p>[vc_row][vc_column][vc_column_text]Abra tasar\u0131m\u0131n\u0131 yapt\u0131\u011f\u0131 veya mevcut elektronik kartlara ihtiya\u00e7lar \u00f6l\u00e7\u00fcs\u00fcnde g\u00f6m\u00fcl\u00fc sistem yaz\u0131l\u0131m \u00fcretim hizmeti vermektedir.G\u00fcn\u00fcm\u00fczde s\u0131k\u00e7a kullan\u0131lan microchip firmas\u0131n\u0131n t\u00fcm MCU, Atmega, STM, Raspberry, FPGA MCU yaz\u0131l\u0131mlar\u0131 konusunda deneyimli ve uzman\u00a0 Ar-Ge ekibiyle \u00e7\u00f6z\u00fcmler \u00fcretmekteyiz.[\/vc_column_text][\/vc_column][\/vc_row]<\/p>\n<\/div>","protected":false},"excerpt":{"rendered":"<p>[vc_row][vc_column][vc_column_text]Abra tasar\u0131m\u0131n\u0131 yapt\u0131\u011f\u0131 veya mevcut elektronik kartlara ihtiya\u00e7lar \u00f6l\u00e7\u00fcs\u00fcnde g\u00f6m\u00fcl\u00fc sistem yaz\u0131l\u0131m \u00fcretim hizmeti vermektedir.G\u00fcn\u00fcm\u00fczde s\u0131k\u00e7a kullan\u0131lan microchip firmas\u0131n\u0131n t\u00fcm MCU, Atmega, STM, Raspberry, FPGA MCU yaz\u0131l\u0131mlar\u0131 konusunda deneyimli ve uzman\u00a0 Ar-Ge ekibiyle \u00e7\u00f6z\u00fcmler \u00fcretmekteyiz.[\/vc_column_text][\/vc_column][\/vc_row]<\/p>\n","protected":false},"author":1,"featured_media":0,"parent":0,"menu_order":0,"comment_status":"closed","ping_status":"closed","template":"","meta":{"footnotes":""},"class_list":["post-3987","page","type-page","status-publish","hentry"],"yoast_head":"<!-- This site is optimized with the Yoast SEO plugin v23.9 - https:\/\/yoast.com\/wordpress\/plugins\/seo\/ -->\n<title>G\u00d6M\u00dcL\u00dc S\u0130STEM YAZILIM \u00dcRET\u0130M\u0130 - ABRA GRUP<\/title>\n<meta name=\"robots\" content=\"index, follow, max-snippet:-1, max-image-preview:large, max-video-preview:-1\" \/>\n<link rel=\"canonical\" href=\"https:\/\/abragrup.com.tr\/?page_id=3987\" \/>\n<meta property=\"og:locale\" content=\"tr_TR\" \/>\n<meta property=\"og:type\" content=\"article\" \/>\n<meta property=\"og:title\" content=\"G\u00d6M\u00dcL\u00dc S\u0130STEM YAZILIM \u00dcRET\u0130M\u0130 - ABRA GRUP\" \/>\n<meta property=\"og:description\" content=\"[vc_row][vc_column][vc_column_text]Abra tasar\u0131m\u0131n\u0131 yapt\u0131\u011f\u0131 veya mevcut elektronik kartlara ihtiya\u00e7lar \u00f6l\u00e7\u00fcs\u00fcnde g\u00f6m\u00fcl\u00fc sistem yaz\u0131l\u0131m \u00fcretim hizmeti vermektedir.G\u00fcn\u00fcm\u00fczde s\u0131k\u00e7a kullan\u0131lan microchip firmas\u0131n\u0131n t\u00fcm MCU, Atmega, STM, Raspberry, FPGA MCU yaz\u0131l\u0131mlar\u0131 konusunda deneyimli ve uzman\u00a0 Ar-Ge ekibiyle \u00e7\u00f6z\u00fcmler \u00fcretmekteyiz.[\/vc_column_text][\/vc_column][\/vc_row]\" \/>\n<meta property=\"og:url\" content=\"https:\/\/abragrup.com.tr\/?page_id=3987\" \/>\n<meta property=\"og:site_name\" content=\"ABRA GRUP\" \/>\n<meta name=\"twitter:card\" content=\"summary_large_image\" \/>\n<script type=\"application\/ld+json\" class=\"yoast-schema-graph\">{\"@context\":\"https:\/\/schema.org\",\"@graph\":[{\"@type\":\"WebPage\",\"@id\":\"https:\/\/abragrup.com.tr\/?page_id=3987\",\"url\":\"https:\/\/abragrup.com.tr\/?page_id=3987\",\"name\":\"G\u00d6M\u00dcL\u00dc S\u0130STEM YAZILIM \u00dcRET\u0130M\u0130 - ABRA GRUP\",\"isPartOf\":{\"@id\":\"https:\/\/abragrup.com.tr\/#website\"},\"datePublished\":\"2025-07-11T08:04:14+00:00\",\"dateModified\":\"2025-07-11T08:04:14+00:00\",\"breadcrumb\":{\"@id\":\"https:\/\/abragrup.com.tr\/?page_id=3987#breadcrumb\"},\"inLanguage\":\"tr\",\"potentialAction\":[{\"@type\":\"ReadAction\",\"target\":[\"https:\/\/abragrup.com.tr\/?page_id=3987\"]}]},{\"@type\":\"BreadcrumbList\",\"@id\":\"https:\/\/abragrup.com.tr\/?page_id=3987#breadcrumb\",\"itemListElement\":[{\"@type\":\"ListItem\",\"position\":1,\"name\":\"Anasayfa\",\"item\":\"https:\/\/abragrup.com.tr\/\"},{\"@type\":\"ListItem\",\"position\":2,\"name\":\"G\u00d6M\u00dcL\u00dc S\u0130STEM YAZILIM \u00dcRET\u0130M\u0130\"}]},{\"@type\":\"WebSite\",\"@id\":\"https:\/\/abragrup.com.tr\/#website\",\"url\":\"https:\/\/abragrup.com.tr\/\",\"name\":\"ABRA GRUP\",\"description\":\"\",\"potentialAction\":[{\"@type\":\"SearchAction\",\"target\":{\"@type\":\"EntryPoint\",\"urlTemplate\":\"https:\/\/abragrup.com.tr\/?s={search_term_string}\"},\"query-input\":{\"@type\":\"PropertyValueSpecification\",\"valueRequired\":true,\"valueName\":\"search_term_string\"}}],\"inLanguage\":\"tr\"}]}<\/script>\n<!-- \/ Yoast SEO plugin. -->","yoast_head_json":{"title":"G\u00d6M\u00dcL\u00dc S\u0130STEM YAZILIM \u00dcRET\u0130M\u0130 - ABRA GRUP","robots":{"index":"index","follow":"follow","max-snippet":"max-snippet:-1","max-image-preview":"max-image-preview:large","max-video-preview":"max-video-preview:-1"},"canonical":"https:\/\/abragrup.com.tr\/?page_id=3987","og_locale":"tr_TR","og_type":"article","og_title":"G\u00d6M\u00dcL\u00dc S\u0130STEM YAZILIM \u00dcRET\u0130M\u0130 - ABRA GRUP","og_description":"[vc_row][vc_column][vc_column_text]Abra tasar\u0131m\u0131n\u0131 yapt\u0131\u011f\u0131 veya mevcut elektronik kartlara ihtiya\u00e7lar \u00f6l\u00e7\u00fcs\u00fcnde g\u00f6m\u00fcl\u00fc sistem yaz\u0131l\u0131m \u00fcretim hizmeti vermektedir.G\u00fcn\u00fcm\u00fczde s\u0131k\u00e7a kullan\u0131lan microchip firmas\u0131n\u0131n t\u00fcm MCU, Atmega, STM, Raspberry, FPGA MCU yaz\u0131l\u0131mlar\u0131 konusunda deneyimli ve uzman\u00a0 Ar-Ge ekibiyle \u00e7\u00f6z\u00fcmler \u00fcretmekteyiz.[\/vc_column_text][\/vc_column][\/vc_row]","og_url":"https:\/\/abragrup.com.tr\/?page_id=3987","og_site_name":"ABRA GRUP","twitter_card":"summary_large_image","schema":{"@context":"https:\/\/schema.org","@graph":[{"@type":"WebPage","@id":"https:\/\/abragrup.com.tr\/?page_id=3987","url":"https:\/\/abragrup.com.tr\/?page_id=3987","name":"G\u00d6M\u00dcL\u00dc S\u0130STEM YAZILIM \u00dcRET\u0130M\u0130 - ABRA GRUP","isPartOf":{"@id":"https:\/\/abragrup.com.tr\/#website"},"datePublished":"2025-07-11T08:04:14+00:00","dateModified":"2025-07-11T08:04:14+00:00","breadcrumb":{"@id":"https:\/\/abragrup.com.tr\/?page_id=3987#breadcrumb"},"inLanguage":"tr","potentialAction":[{"@type":"ReadAction","target":["https:\/\/abragrup.com.tr\/?page_id=3987"]}]},{"@type":"BreadcrumbList","@id":"https:\/\/abragrup.com.tr\/?page_id=3987#breadcrumb","itemListElement":[{"@type":"ListItem","position":1,"name":"Anasayfa","item":"https:\/\/abragrup.com.tr\/"},{"@type":"ListItem","position":2,"name":"G\u00d6M\u00dcL\u00dc S\u0130STEM YAZILIM \u00dcRET\u0130M\u0130"}]},{"@type":"WebSite","@id":"https:\/\/abragrup.com.tr\/#website","url":"https:\/\/abragrup.com.tr\/","name":"ABRA GRUP","description":"","potentialAction":[{"@type":"SearchAction","target":{"@type":"EntryPoint","urlTemplate":"https:\/\/abragrup.com.tr\/?s={search_term_string}"},"query-input":{"@type":"PropertyValueSpecification","valueRequired":true,"valueName":"search_term_string"}}],"inLanguage":"tr"}]}},"_links":{"self":[{"href":"https:\/\/abragrup.com.tr\/index.php?rest_route=\/wp\/v2\/pages\/3987","targetHints":{"allow":["GET"]}}],"collection":[{"href":"https:\/\/abragrup.com.tr\/index.php?rest_route=\/wp\/v2\/pages"}],"about":[{"href":"https:\/\/abragrup.com.tr\/index.php?rest_route=\/wp\/v2\/types\/page"}],"author":[{"embeddable":true,"href":"https:\/\/abragrup.com.tr\/index.php?rest_route=\/wp\/v2\/users\/1"}],"replies":[{"embeddable":true,"href":"https:\/\/abragrup.com.tr\/index.php?rest_route=%2Fwp%2Fv2%2Fcomments&post=3987"}],"version-history":[{"count":2,"href":"https:\/\/abragrup.com.tr\/index.php?rest_route=\/wp\/v2\/pages\/3987\/revisions"}],"predecessor-version":[{"id":3990,"href":"https:\/\/abragrup.com.tr\/index.php?rest_route=\/wp\/v2\/pages\/3987\/revisions\/3990"}],"wp:attachment":[{"href":"https:\/\/abragrup.com.tr\/index.php?rest_route=%2Fwp%2Fv2%2Fmedia&parent=3987"}],"curies":[{"name":"wp","href":"https:\/\/api.w.org\/{rel}","templated":true}]}}