{"id":3701,"date":"2025-01-27T18:39:24","date_gmt":"2025-01-27T18:39:24","guid":{"rendered":"https:\/\/developer.fsmbilgi.com\/?page_id=3701"},"modified":"2025-01-27T18:43:07","modified_gmt":"2025-01-27T18:43:07","slug":"3701-2","status":"publish","type":"page","link":"https:\/\/abragrup.com.tr\/?page_id=3701","title":{"rendered":"KOKP\u0130T S\u0130M\u00dcLAT\u00d6R\u00dc"},"content":{"rendered":"<div class=\"wpb-content-wrapper\"><p>[vc_row][vc_column][vc_column_text]<\/p>\n<p><img loading=\"lazy\" decoding=\"async\" class=\"alignleft wp-image-3704 size-full\" src=\"https:\/\/developer.fsmbilgi.com\/wp-content\/uploads\/2025\/01\/KOKPIT-SIM1.jpg\" alt=\"\" width=\"737\" height=\"462\" srcset=\"https:\/\/abragrup.com.tr\/wp-content\/uploads\/2025\/01\/KOKPIT-SIM1.jpg 737w, https:\/\/abragrup.com.tr\/wp-content\/uploads\/2025\/01\/KOKPIT-SIM1-300x188.jpg 300w\" sizes=\"auto, (max-width: 737px) 100vw, 737px\" \/><\/p>\n<p><b>KOKP\u0130T S\u0130M\u00dcLAT\u00d6R\u00dc\u00a0 <\/b><\/p>\n<ul>\n<li>Sistem Kokpit ve E\u011fitmen konsoldan olu\u015fmaktad\u0131r.<\/li>\n<li>Kokpit olarak iki pilotlu yolcu u\u00e7a\u011f\u0131 ger\u00e7ek \u00f6l\u00e7\u00fclerinde modellenmi\u015ftir.<\/li>\n<li>T\u00fcm kontroller MCU tabanl\u0131 192 adet harici butonlar \u00fczerinden yap\u0131lmaktad\u0131r.<\/li>\n<li>Microsoft ve X-Plane oyun yaz\u0131l\u0131mlar\u0131na tam entegrasyon<\/li>\n<li>Ger\u00e7ek u\u00e7ak i\u00e7i g\u00f6stergeler ve donan\u0131mlar modellenerek kursiyere ger\u00e7ek u\u00e7ak donan\u0131mlar\u0131n\u0131 kullanma hissi verilmesi ama\u00e7lanm\u0131\u015ft\u0131r.<\/li>\n<\/ul>\n<p>&nbsp;<\/p>\n<p>&nbsp;<\/p>\n<p>&nbsp;<\/p>\n<p>&nbsp;<\/p>\n<p><img loading=\"lazy\" decoding=\"async\" class=\"alignleft wp-image-3705 size-full\" src=\"https:\/\/developer.fsmbilgi.com\/wp-content\/uploads\/2025\/01\/KOKPIT-SIM2.jpg\" alt=\"\" width=\"738\" height=\"423\" srcset=\"https:\/\/abragrup.com.tr\/wp-content\/uploads\/2025\/01\/KOKPIT-SIM2.jpg 738w, https:\/\/abragrup.com.tr\/wp-content\/uploads\/2025\/01\/KOKPIT-SIM2-300x172.jpg 300w\" sizes=\"auto, (max-width: 738px) 100vw, 738px\" \/><\/p>\n<p>[\/vc_column_text][\/vc_column][\/vc_row]<\/p>\n<\/div>","protected":false},"excerpt":{"rendered":"<p>[vc_row][vc_column][vc_column_text] KOKP\u0130T S\u0130M\u00dcLAT\u00d6R\u00dc\u00a0 Sistem Kokpit ve E\u011fitmen konsoldan olu\u015fmaktad\u0131r. Kokpit olarak iki pilotlu yolcu u\u00e7a\u011f\u0131 ger\u00e7ek \u00f6l\u00e7\u00fclerinde modellenmi\u015ftir. T\u00fcm kontroller MCU tabanl\u0131 192 adet harici butonlar \u00fczerinden yap\u0131lmaktad\u0131r. Microsoft ve X-Plane oyun yaz\u0131l\u0131mlar\u0131na tam entegrasyon Ger\u00e7ek u\u00e7ak i\u00e7i g\u00f6stergeler ve donan\u0131mlar modellenerek kursiyere ger\u00e7ek u\u00e7ak donan\u0131mlar\u0131n\u0131 kullanma hissi verilmesi ama\u00e7lanm\u0131\u015ft\u0131r. &nbsp; &nbsp; &nbsp; &nbsp; [\/vc_column_text][\/vc_column][\/vc_row]<\/p>\n","protected":false},"author":1,"featured_media":0,"parent":0,"menu_order":0,"comment_status":"closed","ping_status":"closed","template":"","meta":{"footnotes":""},"class_list":["post-3701","page","type-page","status-publish","hentry"],"yoast_head":"<!-- This site is optimized with the Yoast SEO plugin v23.9 - https:\/\/yoast.com\/wordpress\/plugins\/seo\/ -->\n<title>KOKP\u0130T S\u0130M\u00dcLAT\u00d6R\u00dc - ABRA GRUP<\/title>\n<meta name=\"robots\" content=\"index, follow, max-snippet:-1, max-image-preview:large, max-video-preview:-1\" \/>\n<link rel=\"canonical\" href=\"https:\/\/abragrup.com.tr\/?page_id=3701\" \/>\n<meta property=\"og:locale\" content=\"tr_TR\" \/>\n<meta property=\"og:type\" content=\"article\" \/>\n<meta property=\"og:title\" content=\"KOKP\u0130T S\u0130M\u00dcLAT\u00d6R\u00dc - ABRA GRUP\" \/>\n<meta property=\"og:description\" content=\"[vc_row][vc_column][vc_column_text] KOKP\u0130T S\u0130M\u00dcLAT\u00d6R\u00dc\u00a0 Sistem Kokpit ve E\u011fitmen konsoldan olu\u015fmaktad\u0131r. Kokpit olarak iki pilotlu yolcu u\u00e7a\u011f\u0131 ger\u00e7ek \u00f6l\u00e7\u00fclerinde modellenmi\u015ftir. T\u00fcm kontroller MCU tabanl\u0131 192 adet harici butonlar \u00fczerinden yap\u0131lmaktad\u0131r. Microsoft ve X-Plane oyun yaz\u0131l\u0131mlar\u0131na tam entegrasyon Ger\u00e7ek u\u00e7ak i\u00e7i g\u00f6stergeler ve donan\u0131mlar modellenerek kursiyere ger\u00e7ek u\u00e7ak donan\u0131mlar\u0131n\u0131 kullanma hissi verilmesi ama\u00e7lanm\u0131\u015ft\u0131r. &nbsp; &nbsp; &nbsp; &nbsp; [\/vc_column_text][\/vc_column][\/vc_row]\" \/>\n<meta property=\"og:url\" content=\"https:\/\/abragrup.com.tr\/?page_id=3701\" \/>\n<meta property=\"og:site_name\" content=\"ABRA GRUP\" \/>\n<meta property=\"article:modified_time\" content=\"2025-01-27T18:43:07+00:00\" \/>\n<meta property=\"og:image\" content=\"https:\/\/developer.fsmbilgi.com\/wp-content\/uploads\/2025\/01\/KOKPIT-SIM1.jpg\" \/>\n<meta name=\"twitter:card\" content=\"summary_large_image\" \/>\n<meta name=\"twitter:label1\" content=\"Tahmini okuma s\u00fcresi\" \/>\n\t<meta name=\"twitter:data1\" content=\"1 dakika\" \/>\n<script type=\"application\/ld+json\" class=\"yoast-schema-graph\">{\"@context\":\"https:\/\/schema.org\",\"@graph\":[{\"@type\":\"WebPage\",\"@id\":\"https:\/\/abragrup.com.tr\/?page_id=3701\",\"url\":\"https:\/\/abragrup.com.tr\/?page_id=3701\",\"name\":\"KOKP\u0130T S\u0130M\u00dcLAT\u00d6R\u00dc - ABRA GRUP\",\"isPartOf\":{\"@id\":\"https:\/\/abragrup.com.tr\/#website\"},\"primaryImageOfPage\":{\"@id\":\"https:\/\/abragrup.com.tr\/?page_id=3701#primaryimage\"},\"image\":{\"@id\":\"https:\/\/abragrup.com.tr\/?page_id=3701#primaryimage\"},\"thumbnailUrl\":\"https:\/\/developer.fsmbilgi.com\/wp-content\/uploads\/2025\/01\/KOKPIT-SIM1.jpg\",\"datePublished\":\"2025-01-27T18:39:24+00:00\",\"dateModified\":\"2025-01-27T18:43:07+00:00\",\"breadcrumb\":{\"@id\":\"https:\/\/abragrup.com.tr\/?page_id=3701#breadcrumb\"},\"inLanguage\":\"tr\",\"potentialAction\":[{\"@type\":\"ReadAction\",\"target\":[\"https:\/\/abragrup.com.tr\/?page_id=3701\"]}]},{\"@type\":\"ImageObject\",\"inLanguage\":\"tr\",\"@id\":\"https:\/\/abragrup.com.tr\/?page_id=3701#primaryimage\",\"url\":\"https:\/\/developer.fsmbilgi.com\/wp-content\/uploads\/2025\/01\/KOKPIT-SIM1.jpg\",\"contentUrl\":\"https:\/\/developer.fsmbilgi.com\/wp-content\/uploads\/2025\/01\/KOKPIT-SIM1.jpg\"},{\"@type\":\"BreadcrumbList\",\"@id\":\"https:\/\/abragrup.com.tr\/?page_id=3701#breadcrumb\",\"itemListElement\":[{\"@type\":\"ListItem\",\"position\":1,\"name\":\"Anasayfa\",\"item\":\"https:\/\/abragrup.com.tr\/\"},{\"@type\":\"ListItem\",\"position\":2,\"name\":\"KOKP\u0130T S\u0130M\u00dcLAT\u00d6R\u00dc\"}]},{\"@type\":\"WebSite\",\"@id\":\"https:\/\/abragrup.com.tr\/#website\",\"url\":\"https:\/\/abragrup.com.tr\/\",\"name\":\"ABRA GRUP\",\"description\":\"\",\"potentialAction\":[{\"@type\":\"SearchAction\",\"target\":{\"@type\":\"EntryPoint\",\"urlTemplate\":\"https:\/\/abragrup.com.tr\/?s={search_term_string}\"},\"query-input\":{\"@type\":\"PropertyValueSpecification\",\"valueRequired\":true,\"valueName\":\"search_term_string\"}}],\"inLanguage\":\"tr\"}]}<\/script>\n<!-- \/ Yoast SEO plugin. -->","yoast_head_json":{"title":"KOKP\u0130T S\u0130M\u00dcLAT\u00d6R\u00dc - ABRA GRUP","robots":{"index":"index","follow":"follow","max-snippet":"max-snippet:-1","max-image-preview":"max-image-preview:large","max-video-preview":"max-video-preview:-1"},"canonical":"https:\/\/abragrup.com.tr\/?page_id=3701","og_locale":"tr_TR","og_type":"article","og_title":"KOKP\u0130T S\u0130M\u00dcLAT\u00d6R\u00dc - ABRA GRUP","og_description":"[vc_row][vc_column][vc_column_text] KOKP\u0130T S\u0130M\u00dcLAT\u00d6R\u00dc\u00a0 Sistem Kokpit ve E\u011fitmen konsoldan olu\u015fmaktad\u0131r. Kokpit olarak iki pilotlu yolcu u\u00e7a\u011f\u0131 ger\u00e7ek \u00f6l\u00e7\u00fclerinde modellenmi\u015ftir. T\u00fcm kontroller MCU tabanl\u0131 192 adet harici butonlar \u00fczerinden yap\u0131lmaktad\u0131r. Microsoft ve X-Plane oyun yaz\u0131l\u0131mlar\u0131na tam entegrasyon Ger\u00e7ek u\u00e7ak i\u00e7i g\u00f6stergeler ve donan\u0131mlar modellenerek kursiyere ger\u00e7ek u\u00e7ak donan\u0131mlar\u0131n\u0131 kullanma hissi verilmesi ama\u00e7lanm\u0131\u015ft\u0131r. &nbsp; &nbsp; &nbsp; &nbsp; [\/vc_column_text][\/vc_column][\/vc_row]","og_url":"https:\/\/abragrup.com.tr\/?page_id=3701","og_site_name":"ABRA GRUP","article_modified_time":"2025-01-27T18:43:07+00:00","og_image":[{"url":"https:\/\/developer.fsmbilgi.com\/wp-content\/uploads\/2025\/01\/KOKPIT-SIM1.jpg"}],"twitter_card":"summary_large_image","twitter_misc":{"Tahmini okuma s\u00fcresi":"1 dakika"},"schema":{"@context":"https:\/\/schema.org","@graph":[{"@type":"WebPage","@id":"https:\/\/abragrup.com.tr\/?page_id=3701","url":"https:\/\/abragrup.com.tr\/?page_id=3701","name":"KOKP\u0130T S\u0130M\u00dcLAT\u00d6R\u00dc - ABRA GRUP","isPartOf":{"@id":"https:\/\/abragrup.com.tr\/#website"},"primaryImageOfPage":{"@id":"https:\/\/abragrup.com.tr\/?page_id=3701#primaryimage"},"image":{"@id":"https:\/\/abragrup.com.tr\/?page_id=3701#primaryimage"},"thumbnailUrl":"https:\/\/developer.fsmbilgi.com\/wp-content\/uploads\/2025\/01\/KOKPIT-SIM1.jpg","datePublished":"2025-01-27T18:39:24+00:00","dateModified":"2025-01-27T18:43:07+00:00","breadcrumb":{"@id":"https:\/\/abragrup.com.tr\/?page_id=3701#breadcrumb"},"inLanguage":"tr","potentialAction":[{"@type":"ReadAction","target":["https:\/\/abragrup.com.tr\/?page_id=3701"]}]},{"@type":"ImageObject","inLanguage":"tr","@id":"https:\/\/abragrup.com.tr\/?page_id=3701#primaryimage","url":"https:\/\/developer.fsmbilgi.com\/wp-content\/uploads\/2025\/01\/KOKPIT-SIM1.jpg","contentUrl":"https:\/\/developer.fsmbilgi.com\/wp-content\/uploads\/2025\/01\/KOKPIT-SIM1.jpg"},{"@type":"BreadcrumbList","@id":"https:\/\/abragrup.com.tr\/?page_id=3701#breadcrumb","itemListElement":[{"@type":"ListItem","position":1,"name":"Anasayfa","item":"https:\/\/abragrup.com.tr\/"},{"@type":"ListItem","position":2,"name":"KOKP\u0130T S\u0130M\u00dcLAT\u00d6R\u00dc"}]},{"@type":"WebSite","@id":"https:\/\/abragrup.com.tr\/#website","url":"https:\/\/abragrup.com.tr\/","name":"ABRA GRUP","description":"","potentialAction":[{"@type":"SearchAction","target":{"@type":"EntryPoint","urlTemplate":"https:\/\/abragrup.com.tr\/?s={search_term_string}"},"query-input":{"@type":"PropertyValueSpecification","valueRequired":true,"valueName":"search_term_string"}}],"inLanguage":"tr"}]}},"_links":{"self":[{"href":"https:\/\/abragrup.com.tr\/index.php?rest_route=\/wp\/v2\/pages\/3701","targetHints":{"allow":["GET"]}}],"collection":[{"href":"https:\/\/abragrup.com.tr\/index.php?rest_route=\/wp\/v2\/pages"}],"about":[{"href":"https:\/\/abragrup.com.tr\/index.php?rest_route=\/wp\/v2\/types\/page"}],"author":[{"embeddable":true,"href":"https:\/\/abragrup.com.tr\/index.php?rest_route=\/wp\/v2\/users\/1"}],"replies":[{"embeddable":true,"href":"https:\/\/abragrup.com.tr\/index.php?rest_route=%2Fwp%2Fv2%2Fcomments&post=3701"}],"version-history":[{"count":2,"href":"https:\/\/abragrup.com.tr\/index.php?rest_route=\/wp\/v2\/pages\/3701\/revisions"}],"predecessor-version":[{"id":3706,"href":"https:\/\/abragrup.com.tr\/index.php?rest_route=\/wp\/v2\/pages\/3701\/revisions\/3706"}],"wp:attachment":[{"href":"https:\/\/abragrup.com.tr\/index.php?rest_route=%2Fwp%2Fv2%2Fmedia&parent=3701"}],"curies":[{"name":"wp","href":"https:\/\/api.w.org\/{rel}","templated":true}]}}