{"id":3288,"date":"2015-06-23T12:03:15","date_gmt":"2015-06-23T12:03:15","guid":{"rendered":"http:\/\/themes.webdevia.com\/bodyguard\/?page_id=5"},"modified":"2025-07-11T08:03:14","modified_gmt":"2025-07-11T08:03:14","slug":"homepage-2","status":"publish","type":"page","link":"https:\/\/abragrup.com.tr\/","title":{"rendered":"ANA SAYFA"},"content":{"rendered":"<div class=\"wpb-content-wrapper\"><p>[vc_row][vc_column css=&#8221;.vc_custom_1459443185329{padding: 0px !important;}&#8221;][rev_slider_vc alias=&#8221;light-home-slider&#8221;][\/vc_column][\/vc_row][vc_row][vc_column][vc_empty_space][\/vc_column][\/vc_row][vc_row full_width=&#8221;stretch_row_content_no_spaces&#8221;][vc_column][vc_separator color=&#8221;black&#8221; border_width=&#8221;4&#8243;][\/vc_column][\/vc_row][vc_row][vc_column][vc_empty_space height=&#8221;36px&#8221;][\/vc_column][\/vc_row][vc_row el_class=&#8221;ELEKTRON\u0130K KART TASARIM VE \u0130MALATI&#8221;][vc_column width=&#8221;1\/6&#8243;][vc_single_image image=&#8221;4066&#8243; img_size=&#8221;full&#8221; onclick=&#8221;custom_link&#8221; img_link_target=&#8221;_blank&#8221; link=&#8221;https:\/\/abragrup.com.tr\/?page_id=3955&#8243; el_class=&#8221;ELEKTRON\u0130K KART TASARIM VE \u0130MALATI&#8221;][vc_column_text]<\/p>\n<h5 style=\"text-align: center;\"><em><strong>ELEKTRON\u0130K KART TASARIM VE \u0130MALAT<\/strong><\/em><\/h5>\n<p>[\/vc_column_text][\/vc_column][vc_column width=&#8221;1\/6&#8243;][vc_single_image image=&#8221;4069&#8243; onclick=&#8221;custom_link&#8221; img_link_target=&#8221;_blank&#8221; link=&#8221;https:\/\/abragrup.com.tr\/?page_id=3981&#8243;][vc_column_text]<\/p>\n<h5 id=\"page-title\" class=\"title\" style=\"text-align: center;\"><em><strong>MEKAN\u0130K PAR\u00c7A TASARIM VE \u0130MALAT<\/strong><\/em><\/h5>\n<p>[\/vc_column_text][\/vc_column][vc_column width=&#8221;1\/6&#8243;][vc_single_image image=&#8221;4081&#8243; onclick=&#8221;custom_link&#8221; img_link_target=&#8221;_blank&#8221; link=&#8221;https:\/\/abragrup.com.tr\/?p=3972&#8243;][vc_column_text]<\/p>\n<h5 id=\"page-title\" class=\"title\" style=\"text-align: center;\"><em><strong>B\u0130LG\u0130SAYAR-BULUT-MOB\u0130L UYGULAMA YAZILIM \u00dcRET\u0130M\u0130<\/strong><\/em><\/h5>\n<p>[\/vc_column_text][\/vc_column][vc_column width=&#8221;1\/6&#8243;][vc_single_image image=&#8221;4082&#8243; onclick=&#8221;custom_link&#8221; link=&#8221;https:\/\/abragrup.com.tr\/?page_id=3987&#8243;][vc_column_text]<\/p>\n<h5 id=\"page-title\" class=\"title\" style=\"text-align: center;\"><em><strong>G\u00d6M\u00dcL\u00dc S\u0130STEM YAZILIM \u00dcRET\u0130M\u0130<\/strong><\/em><\/h5>\n<p>[\/vc_column_text][\/vc_column][vc_column width=&#8221;1\/6&#8243;][vc_single_image image=&#8221;4084&#8243; onclick=&#8221;custom_link&#8221; link=&#8221;https:\/\/abragrup.com.tr\/?page_id=3977&#8243;][vc_column_text]<\/p>\n<h5 id=\"page-title\" class=\"title\" style=\"text-align: center;\"><em><strong>KURULUM MONTAJ DEVREYE ALMA VE SERV\u0130S H\u0130ZMETLER\u0130<\/strong><\/em><\/h5>\n<p>[\/vc_column_text][\/vc_column][vc_column width=&#8221;1\/6&#8243;][vc_single_image image=&#8221;4091&#8243; img_size=&#8221;full&#8221; onclick=&#8221;custom_link&#8221; link=&#8221;https:\/\/abragrup.com.tr\/?page_id=3992&#8243;][vc_column_text]<\/p>\n<h5 id=\"page-title\" class=\"title\" style=\"text-align: center;\"><em><strong>TAM\u0130R, BAKIM, MODERN\u0130ZASYON H\u0130ZMETLER\u0130<\/strong><\/em><\/h5>\n<p>[\/vc_column_text][\/vc_column][\/vc_row][vc_row][vc_column][vc_empty_space height=&#8221;36px&#8221;][vc_row_inner gap=&#8221;10&#8243;][vc_column_inner width=&#8221;1\/2&#8243;][vc_column_text]<\/p>\n<p style=\"text-align: center;\"><strong>FSM B\u0130LG\u0130 TEKNOLOJ\u0130LER\u0130 KURUMSAL<\/strong><br \/>\n<strong>FSM Bilgi Teknolojileri ortaklar ve \u00e7al\u0131\u015fanlar Bilgi teknolojileri alan\u0131ndaki 30 y\u0131la yak\u0131n bireysel yetkinlik ve tecr\u00fcbe birikimlerini bir araya getirmeleri ile 2016 y\u0131l\u0131nda kurulmu\u015ftur.<\/strong><\/p>\n<p style=\"text-align: center;\"><strong>Firmam\u0131z Gerek elektronik kart tasar\u0131m, imalat, yaz\u0131l\u0131mlar konusunda geni\u015f teknik donan\u0131ma sahip olma yan\u0131 s\u0131ra gerekse de mekanik imalatlar konusunda CNC b\u00fck\u00fcm, kesim, lazer kaynak makinalar\u0131 ile bu makinalar\u0131 destekleyen bir \u00e7ok makinalar ile 1.600m2 kapal\u0131 alanda Ankara Ostim Sanayi b\u00f6lgesinde faaliyetlerini s\u00fcrd\u00fcrmektedir.<\/strong><\/p>\n<p>[\/vc_column_text][\/vc_column_inner][vc_column_inner width=&#8221;1\/2&#8243;][vc_column_text]<\/p>\n<p style=\"text-align: center;\"><strong>FSM B\u0130LG\u0130 TEKNOLOJ\u0130LER\u0130 M\u0130SYON<\/strong><br \/>\n<strong>Ba\u015fta ak\u0131ll\u0131 ula\u015f\u0131m sistemleri olmak \u00fczere bilgi teknolojilerinin oldu\u011fu t\u00fcm alanlarda m\u00fc\u015fterilerimizin gereksinimlerine teknoloji odakl\u0131 hizmet ve \u00e7\u00f6z\u00fcmler \u00fcretiyoruz.<\/strong><\/p>\n<p style=\"text-align: center;\"><strong>\u00dclkemiz \u015fartlar\u0131na uygun tasar\u0131m ve \u00fcretimlerle d\u0131\u015fa ba\u011f\u0131ml\u0131l\u0131\u011f\u0131n azalt\u0131lmas\u0131na ve \u00fclke g\u00fcvenli\u011fine katk\u0131da bulunan faaliyetler y\u00fcr\u00fctmekteyiz. Talep ve beklentilere kalite ve bilgi g\u00fcvenli\u011fi ile kar\u015f\u0131l\u0131k vererek, her ko\u015fulda m\u00fc\u015fterilerimiz i\u00e7in en iyisini yapar\u0131z<\/strong>.<\/p>\n<p>[\/vc_column_text][\/vc_column_inner][\/vc_row_inner][vc_row_inner css=&#8221;.vc_custom_1751538438504{background-color: #ffffff !important;}&#8221;][vc_column_inner][vc_empty_space][\/vc_column_inner][\/vc_row_inner][\/vc_column][\/vc_row][vc_row css=&#8221;.vc_custom_1751538151679{background-color: #ffffff !important;}&#8221;][vc_column width=&#8221;1\/4&#8243;][vc_single_image image=&#8221;4124&#8243; img_size=&#8221;medium&#8221; alignment=&#8221;center&#8221; onclick=&#8221;img_link_large&#8221;][\/vc_column][vc_column width=&#8221;1\/4&#8243;][vc_single_image image=&#8221;4121&#8243; img_size=&#8221;medium&#8221; alignment=&#8221;center&#8221; onclick=&#8221;img_link_large&#8221;][\/vc_column][vc_column width=&#8221;1\/4&#8243;][vc_single_image image=&#8221;4119&#8243; img_size=&#8221;medium&#8221; alignment=&#8221;center&#8221; onclick=&#8221;img_link_large&#8221;][\/vc_column][vc_column width=&#8221;1\/4&#8243;][vc_single_image image=&#8221;4125&#8243; img_size=&#8221;large&#8221; alignment=&#8221;center&#8221; onclick=&#8221;img_link_large&#8221;][\/vc_column][\/vc_row][vc_row][vc_column][vc_empty_space height=&#8221;36px&#8221;][\/vc_column][\/vc_row][vc_row css=&#8221;.vc_custom_1741432870733{background-color: #ffffff !important;}&#8221;][vc_column width=&#8221;1\/2&#8243;][vc_video link=&#8221;https:\/\/youtu.be\/H5k2wQEqvdk?si=oDyArSMRvzNpRoks&#8221;][\/vc_column][vc_column width=&#8221;1\/2&#8243;][vc_column_text]<strong>Abra uzun y\u0131llara dayanan tecr\u00fcbesi ile Mobil Hastaneyi\u00a0 alt y\u00fcklenici olarak tasarlam\u0131\u015ft\u0131r.<\/strong><\/p>\n<ul>\n<li>\u00a0Adedi t\u00fcm medikal donan\u0131mlar\u0131 ile birlikte tam set olarak yap\u0131lm\u0131\u015ft\u0131r<\/li>\n<li>\u00a0Mobil hastane ise medikal malzemesiz olarak ana y\u00fckleniciye taraf\u0131m\u0131zdan teslim edilmi\u015ftir.<\/li>\n<\/ul>\n<p>[\/vc_column_text][\/vc_column][vc_column][\/vc_column][\/vc_row][vc_row css=&#8221;.vc_custom_1741437991131{background-color: #ffffff !important;}&#8221;][vc_column][vc_empty_space][\/vc_column][\/vc_row][vc_row css=&#8221;.vc_custom_1741433220293{background-color: #ffffff !important;}&#8221;][vc_column width=&#8221;1\/2&#8243;][vc_video link=&#8221;https:\/\/youtu.be\/xwYBJ5W_Ey8?si=oZd00cNlklrrwIYo&#8221;][\/vc_column][vc_column width=&#8221;1\/2&#8243;][vc_column_text]<strong>Radarla H\u0131z Tespit ve \u0130kaz Cihaz\u0131<\/strong><\/p>\n<ul>\n<li>Trafikte ge\u00e7en arac\u0131n anl\u0131k h\u0131z\u0131n\u0131 vermekte, H\u0131z limitlerin a\u015f\u0131lmas\u0131 durumunda \u015fof\u00f6re uyar\u0131 vermekte<\/li>\n<\/ul>\n<p><strong>Radarla Adaptif Kav\u015fak Y\u00f6netim Sistemi<\/strong><\/p>\n<ul>\n<li>Kav\u015fa\u011f\u0131n radarla tam kontrol\u00fc, Kav\u015faktaki her bir y\u00f6n\u00fcn yo\u011funlu\u011funun anl\u0131k izlenmesi, Kural ihlali yapanlara PTZ kameran\u0131n y\u00f6nlendirilmesi.<\/li>\n<\/ul>\n<p>[\/vc_column_text][\/vc_column][\/vc_row][vc_row][vc_column][vc_empty_space][\/vc_column][\/vc_row][vc_row css=&#8221;.vc_custom_1741433080756{background-color: #ffffff !important;}&#8221;][vc_column width=&#8221;1\/2&#8243;][vc_video link=&#8221;https:\/\/www.youtube.com\/watch?v=P-v8AOkDP2k&#8221;][\/vc_column][vc_column width=&#8221;1\/2&#8243;][vc_column_text]<b>OTOMAT\u0130K \u00dcCRET TOPLAMA (K\u0130OSK)<\/b><\/p>\n<ul>\n<li>RF-ID Etiket\/Smart kart verme \u00fcnitesi ile m\u00fc\u015fterilere do\u011frudan sat\u0131\u015f yapabilme,<\/li>\n<li>Motorlu manyetik kart okuyucu ve kart yaz\u0131c\u0131 ile kartlara kont\u00f6r y\u00fckleme,<\/li>\n<li>Self service POS \u00fcnitesi ile kredi kart\u0131ndan \u00f6deme yapma,<\/li>\n<li>Sanal pos \u00f6zelli\u011fi ile dokunmatik ekran \u00fczerinden 3D g\u00fcvenlikli \u00f6deme hizmetleri ger\u00e7ekle\u015ftirebilme,<\/li>\n<li>Nakit para \u00fcnitesi \u00fczerinden para alma ile \u00f6deme hizmetleri ger\u00e7ekle\u015ftirebilme,<\/li>\n<li>Ka\u011f\u0131t ve madeni para ile para \u00fcst\u00fc verebilme \u00f6zelli\u011fi,<\/li>\n<li>Thermal printer ile yap\u0131lan i\u015flemlerin makbuzunu verme<\/li>\n<li>T\u00fcmle\u015fik kamera ile fotograf \u00e7ekme,<\/li>\n<li>Kiosk fonksiyonlar\u0131n\u0131 y\u00f6netebilen ve kullan\u0131c\u0131y\u0131 y\u00f6nlendirebilen Kiosk Kontrol Kart\u0131,<\/li>\n<li>Kullan\u0131c\u0131y\u0131 t\u00fcm s\u00fcre\u00e7 boyunca y\u00f6nlendiren sanal veznedar yaz\u0131l\u0131m\u0131,<\/li>\n<li>Kioskun uzaktan kontrol edilebilmesini sa\u011flayan Kiosk y\u00f6netim yaz\u0131l\u0131m\u0131<\/li>\n<\/ul>\n<p>[\/vc_column_text][\/vc_column][\/vc_row][vc_row css=&#8221;.vc_custom_1751538512569{background-color: #ffffff !important;}&#8221;][vc_column][vc_empty_space][\/vc_column][\/vc_row]<\/p>\n<\/div>","protected":false},"excerpt":{"rendered":"<p>[vc_row][vc_column css=&#8221;.vc_custom_1459443185329{padding: 0px !important;}&#8221;][rev_slider_vc alias=&#8221;light-home-slider&#8221;][\/vc_column][\/vc_row][vc_row][vc_column][vc_empty_space][\/vc_column][\/vc_row][vc_row full_width=&#8221;stretch_row_content_no_spaces&#8221;][vc_column][vc_separator color=&#8221;black&#8221; border_width=&#8221;4&#8243;][\/vc_column][\/vc_row][vc_row][vc_column][vc_empty_space height=&#8221;36px&#8221;][\/vc_column][\/vc_row][vc_row el_class=&#8221;ELEKTRON\u0130K KART TASARIM VE \u0130MALATI&#8221;][vc_column width=&#8221;1\/6&#8243;][vc_single_image image=&#8221;4066&#8243; img_size=&#8221;full&#8221; onclick=&#8221;custom_link&#8221; img_link_target=&#8221;_blank&#8221; link=&#8221;https:\/\/abragrup.com.tr\/?page_id=3955&#8243; el_class=&#8221;ELEKTRON\u0130K KART TASARIM VE \u0130MALATI&#8221;][vc_column_text] ELEKTRON\u0130K KART TASARIM VE \u0130MALAT [\/vc_column_text][\/vc_column][vc_column width=&#8221;1\/6&#8243;][vc_single_image image=&#8221;4069&#8243; onclick=&#8221;custom_link&#8221; img_link_target=&#8221;_blank&#8221; link=&#8221;https:\/\/abragrup.com.tr\/?page_id=3981&#8243;][vc_column_text] MEKAN\u0130K PAR\u00c7A TASARIM VE \u0130MALAT [\/vc_column_text][\/vc_column][vc_column width=&#8221;1\/6&#8243;][vc_single_image image=&#8221;4081&#8243; onclick=&#8221;custom_link&#8221; img_link_target=&#8221;_blank&#8221; link=&#8221;https:\/\/abragrup.com.tr\/?p=3972&#8243;][vc_column_text] B\u0130LG\u0130SAYAR-BULUT-MOB\u0130L UYGULAMA YAZILIM \u00dcRET\u0130M\u0130 [\/vc_column_text][\/vc_column][vc_column width=&#8221;1\/6&#8243;][vc_single_image image=&#8221;4082&#8243; onclick=&#8221;custom_link&#8221; [&hellip;]<\/p>\n","protected":false},"author":1,"featured_media":0,"parent":0,"menu_order":0,"comment_status":"open","ping_status":"open","template":"","meta":{"footnotes":""},"class_list":["post-3288","page","type-page","status-publish","hentry"],"yoast_head":"<!-- This site is optimized with the Yoast SEO plugin v23.9 - https:\/\/yoast.com\/wordpress\/plugins\/seo\/ -->\n<title>ANA SAYFA - ABRA GRUP<\/title>\n<meta name=\"robots\" content=\"index, follow, max-snippet:-1, max-image-preview:large, max-video-preview:-1\" \/>\n<link rel=\"canonical\" href=\"https:\/\/abragrup.com.tr\/\" \/>\n<meta property=\"og:locale\" content=\"tr_TR\" \/>\n<meta property=\"og:type\" content=\"article\" \/>\n<meta property=\"og:title\" content=\"ANA SAYFA - ABRA GRUP\" \/>\n<meta property=\"og:description\" content=\"[vc_row][vc_column css=&#8221;.vc_custom_1459443185329{padding: 0px !important;}&#8221;][rev_slider_vc alias=&#8221;light-home-slider&#8221;][\/vc_column][\/vc_row][vc_row][vc_column][vc_empty_space][\/vc_column][\/vc_row][vc_row full_width=&#8221;stretch_row_content_no_spaces&#8221;][vc_column][vc_separator color=&#8221;black&#8221; border_width=&#8221;4&#8243;][\/vc_column][\/vc_row][vc_row][vc_column][vc_empty_space height=&#8221;36px&#8221;][\/vc_column][\/vc_row][vc_row el_class=&#8221;ELEKTRON\u0130K KART TASARIM VE \u0130MALATI&#8221;][vc_column width=&#8221;1\/6&#8243;][vc_single_image image=&#8221;4066&#8243; img_size=&#8221;full&#8221; onclick=&#8221;custom_link&#8221; img_link_target=&#8221;_blank&#8221; link=&#8221;https:\/\/abragrup.com.tr\/?page_id=3955&#8243; el_class=&#8221;ELEKTRON\u0130K KART TASARIM VE \u0130MALATI&#8221;][vc_column_text] ELEKTRON\u0130K KART TASARIM VE \u0130MALAT [\/vc_column_text][\/vc_column][vc_column width=&#8221;1\/6&#8243;][vc_single_image image=&#8221;4069&#8243; onclick=&#8221;custom_link&#8221; img_link_target=&#8221;_blank&#8221; link=&#8221;https:\/\/abragrup.com.tr\/?page_id=3981&#8243;][vc_column_text] MEKAN\u0130K PAR\u00c7A TASARIM VE \u0130MALAT [\/vc_column_text][\/vc_column][vc_column width=&#8221;1\/6&#8243;][vc_single_image image=&#8221;4081&#8243; onclick=&#8221;custom_link&#8221; img_link_target=&#8221;_blank&#8221; link=&#8221;https:\/\/abragrup.com.tr\/?p=3972&#8243;][vc_column_text] B\u0130LG\u0130SAYAR-BULUT-MOB\u0130L UYGULAMA YAZILIM \u00dcRET\u0130M\u0130 [\/vc_column_text][\/vc_column][vc_column width=&#8221;1\/6&#8243;][vc_single_image image=&#8221;4082&#8243; onclick=&#8221;custom_link&#8221; [&hellip;]\" \/>\n<meta property=\"og:url\" content=\"https:\/\/abragrup.com.tr\/\" \/>\n<meta property=\"og:site_name\" content=\"ABRA GRUP\" \/>\n<meta property=\"article:modified_time\" content=\"2025-07-11T08:03:14+00:00\" \/>\n<meta name=\"twitter:card\" content=\"summary_large_image\" \/>\n<meta name=\"twitter:label1\" content=\"Tahmini okuma s\u00fcresi\" \/>\n\t<meta name=\"twitter:data1\" content=\"5 dakika\" \/>\n<script type=\"application\/ld+json\" class=\"yoast-schema-graph\">{\"@context\":\"https:\/\/schema.org\",\"@graph\":[{\"@type\":\"WebPage\",\"@id\":\"https:\/\/abragrup.com.tr\/\",\"url\":\"https:\/\/abragrup.com.tr\/\",\"name\":\"ANA SAYFA - ABRA GRUP\",\"isPartOf\":{\"@id\":\"https:\/\/abragrup.com.tr\/#website\"},\"datePublished\":\"2015-06-23T12:03:15+00:00\",\"dateModified\":\"2025-07-11T08:03:14+00:00\",\"breadcrumb\":{\"@id\":\"https:\/\/abragrup.com.tr\/#breadcrumb\"},\"inLanguage\":\"tr\",\"potentialAction\":[{\"@type\":\"ReadAction\",\"target\":[\"https:\/\/abragrup.com.tr\/\"]}]},{\"@type\":\"BreadcrumbList\",\"@id\":\"https:\/\/abragrup.com.tr\/#breadcrumb\",\"itemListElement\":[{\"@type\":\"ListItem\",\"position\":1,\"name\":\"Anasayfa\",\"item\":\"https:\/\/abragrup.com.tr\/\"},{\"@type\":\"ListItem\",\"position\":2,\"name\":\"ANA SAYFA\"}]},{\"@type\":\"WebSite\",\"@id\":\"https:\/\/abragrup.com.tr\/#website\",\"url\":\"https:\/\/abragrup.com.tr\/\",\"name\":\"ABRA GRUP\",\"description\":\"\",\"potentialAction\":[{\"@type\":\"SearchAction\",\"target\":{\"@type\":\"EntryPoint\",\"urlTemplate\":\"https:\/\/abragrup.com.tr\/?s={search_term_string}\"},\"query-input\":{\"@type\":\"PropertyValueSpecification\",\"valueRequired\":true,\"valueName\":\"search_term_string\"}}],\"inLanguage\":\"tr\"}]}<\/script>\n<!-- \/ Yoast SEO plugin. -->","yoast_head_json":{"title":"ANA SAYFA - ABRA GRUP","robots":{"index":"index","follow":"follow","max-snippet":"max-snippet:-1","max-image-preview":"max-image-preview:large","max-video-preview":"max-video-preview:-1"},"canonical":"https:\/\/abragrup.com.tr\/","og_locale":"tr_TR","og_type":"article","og_title":"ANA SAYFA - ABRA GRUP","og_description":"[vc_row][vc_column css=&#8221;.vc_custom_1459443185329{padding: 0px !important;}&#8221;][rev_slider_vc alias=&#8221;light-home-slider&#8221;][\/vc_column][\/vc_row][vc_row][vc_column][vc_empty_space][\/vc_column][\/vc_row][vc_row full_width=&#8221;stretch_row_content_no_spaces&#8221;][vc_column][vc_separator color=&#8221;black&#8221; border_width=&#8221;4&#8243;][\/vc_column][\/vc_row][vc_row][vc_column][vc_empty_space height=&#8221;36px&#8221;][\/vc_column][\/vc_row][vc_row el_class=&#8221;ELEKTRON\u0130K KART TASARIM VE \u0130MALATI&#8221;][vc_column width=&#8221;1\/6&#8243;][vc_single_image image=&#8221;4066&#8243; img_size=&#8221;full&#8221; onclick=&#8221;custom_link&#8221; img_link_target=&#8221;_blank&#8221; link=&#8221;https:\/\/abragrup.com.tr\/?page_id=3955&#8243; el_class=&#8221;ELEKTRON\u0130K KART TASARIM VE \u0130MALATI&#8221;][vc_column_text] ELEKTRON\u0130K KART TASARIM VE \u0130MALAT [\/vc_column_text][\/vc_column][vc_column width=&#8221;1\/6&#8243;][vc_single_image image=&#8221;4069&#8243; onclick=&#8221;custom_link&#8221; img_link_target=&#8221;_blank&#8221; link=&#8221;https:\/\/abragrup.com.tr\/?page_id=3981&#8243;][vc_column_text] MEKAN\u0130K PAR\u00c7A TASARIM VE \u0130MALAT [\/vc_column_text][\/vc_column][vc_column width=&#8221;1\/6&#8243;][vc_single_image image=&#8221;4081&#8243; onclick=&#8221;custom_link&#8221; img_link_target=&#8221;_blank&#8221; link=&#8221;https:\/\/abragrup.com.tr\/?p=3972&#8243;][vc_column_text] B\u0130LG\u0130SAYAR-BULUT-MOB\u0130L UYGULAMA YAZILIM \u00dcRET\u0130M\u0130 [\/vc_column_text][\/vc_column][vc_column width=&#8221;1\/6&#8243;][vc_single_image image=&#8221;4082&#8243; onclick=&#8221;custom_link&#8221; [&hellip;]","og_url":"https:\/\/abragrup.com.tr\/","og_site_name":"ABRA GRUP","article_modified_time":"2025-07-11T08:03:14+00:00","twitter_card":"summary_large_image","twitter_misc":{"Tahmini okuma s\u00fcresi":"5 dakika"},"schema":{"@context":"https:\/\/schema.org","@graph":[{"@type":"WebPage","@id":"https:\/\/abragrup.com.tr\/","url":"https:\/\/abragrup.com.tr\/","name":"ANA SAYFA - ABRA GRUP","isPartOf":{"@id":"https:\/\/abragrup.com.tr\/#website"},"datePublished":"2015-06-23T12:03:15+00:00","dateModified":"2025-07-11T08:03:14+00:00","breadcrumb":{"@id":"https:\/\/abragrup.com.tr\/#breadcrumb"},"inLanguage":"tr","potentialAction":[{"@type":"ReadAction","target":["https:\/\/abragrup.com.tr\/"]}]},{"@type":"BreadcrumbList","@id":"https:\/\/abragrup.com.tr\/#breadcrumb","itemListElement":[{"@type":"ListItem","position":1,"name":"Anasayfa","item":"https:\/\/abragrup.com.tr\/"},{"@type":"ListItem","position":2,"name":"ANA SAYFA"}]},{"@type":"WebSite","@id":"https:\/\/abragrup.com.tr\/#website","url":"https:\/\/abragrup.com.tr\/","name":"ABRA GRUP","description":"","potentialAction":[{"@type":"SearchAction","target":{"@type":"EntryPoint","urlTemplate":"https:\/\/abragrup.com.tr\/?s={search_term_string}"},"query-input":{"@type":"PropertyValueSpecification","valueRequired":true,"valueName":"search_term_string"}}],"inLanguage":"tr"}]}},"_links":{"self":[{"href":"https:\/\/abragrup.com.tr\/index.php?rest_route=\/wp\/v2\/pages\/3288","targetHints":{"allow":["GET"]}}],"collection":[{"href":"https:\/\/abragrup.com.tr\/index.php?rest_route=\/wp\/v2\/pages"}],"about":[{"href":"https:\/\/abragrup.com.tr\/index.php?rest_route=\/wp\/v2\/types\/page"}],"author":[{"embeddable":true,"href":"https:\/\/abragrup.com.tr\/index.php?rest_route=\/wp\/v2\/users\/1"}],"replies":[{"embeddable":true,"href":"https:\/\/abragrup.com.tr\/index.php?rest_route=%2Fwp%2Fv2%2Fcomments&post=3288"}],"version-history":[{"count":79,"href":"https:\/\/abragrup.com.tr\/index.php?rest_route=\/wp\/v2\/pages\/3288\/revisions"}],"predecessor-version":[{"id":4139,"href":"https:\/\/abragrup.com.tr\/index.php?rest_route=\/wp\/v2\/pages\/3288\/revisions\/4139"}],"wp:attachment":[{"href":"https:\/\/abragrup.com.tr\/index.php?rest_route=%2Fwp%2Fv2%2Fmedia&parent=3288"}],"curies":[{"name":"wp","href":"https:\/\/api.w.org\/{rel}","templated":true}]}}